{"id":36,"date":"2007-10-21T16:37:27","date_gmt":"2007-10-21T14:37:27","guid":{"rendered":"http:\/\/wibi.homeip.net\/wp_fam\/?page_id=36"},"modified":"2007-10-21T16:37:27","modified_gmt":"2007-10-21T14:37:27","slug":"anhang-6-aus-schlatten-wird-bromberg","status":"publish","type":"page","link":"https:\/\/wibi.homeip.net\/hub\/familie\/titelseite\/anhang\/anhang-6-aus-schlatten-wird-bromberg\/","title":{"rendered":"Aus Schlatten wird Bromberg"},"content":{"rendered":"<p>Unsere Gemeinde hie\u00df von alters her Schlatten, fr\u00fcher noch Amt Schlatten. Das deutete auf Streusiedlung hin, was ja auch stimmte. Der Hauptort dieser zerstreuten Ansiedlung, neben einem Dutzend weiterer Rotten, war seit jeher Bromberg. <\/p>\n<p>Die Postzust\u00e4ndigkeit war Bromberg, der Sitz der Gemeinde(kanzlei) ist Bromberg und die Kirche(n) lagen in Bromberg. Es gab wohl eine Feuerwehr in Ober-Schlatten, aber nie eine, die den Namen der Gemeinde trug. Die \u201eHaupt\u201cfeuerwehr war die zu Bromberg.<\/p>\n<p>1966, es war etwa in der Zeit der Einf\u00fchrung der Postleitzahlen (und die war im Falle der Gemeinde Schlatten nat\u00fcrlich 2833 Bromberg), habe ich als junger Revisor eine Generalversammlung der Raiffeisenkasse Schlatten-Bromberg besucht. Ein einmaliges Unterfangen. Nachher wusste ich n\u00e4mlich, was es hei\u00dft: \u201eDer Prophet im eigenen Lande gilt nichts.\u201c <\/p>\n<p>Im Zuge dieser Generalversammlung machte ich den f\u00fcrwitzigen Vorschlag, die Raiffeisenkasse doch auf Bromberg umzubenennen, wo ja seit jeher deren Sitz w\u00e4re und siehe Postleitzahl usw. Mehr habe ich nicht gebraucht!<\/p>\n<p>Gerade, dass mich die Herren Mitglieder (denn die taten sich besonders hervor! Und ich kann mich an einige der lautesten Schreier noch ganz genau erinnern. Aber sie alle deckt l\u00e4ngst die Erde&#8230;) nicht, wie man so sch\u00f6n sagt, \u201emit nassen Fetzen vertrieben\u201c. Denn Schlatten hie\u00dfe die Gemeinde und daher auch die Raiffeisenkasse und das war so und ist so und solle so bleiben. \u201eIn Ewigkeit, Amen.\u201c <\/p>\n<p>Also wurde mein Vorschlag fast h\u00f6hnisch abgeschmettert.<br \/>\nIch habe sehr gelacht, als ich sp\u00e4ter, und zwar nicht allzu viel sp\u00e4ter, h\u00f6rte, jetzt hie\u00dfe die Gemeinde Bromberg. Das war nach einem Gemeinderatsbeschlu\u00df vom 25. Februar 1973 ab 1.1.1974 amtlich. Die Raika aber hatte mit dem Doppelnamen bald kein Problem mehr gehabt, weil sie n\u00e4mlich schon 1971 mit der Raika in Scheiblingkirchen fusioniert hatte.<\/p>\n<p>Diese Wendung von Schlatten zu Bromberg habe ich nie einem der vormaligen Schlatten-Bef\u00fcrworter vorgehalten. Aber still gefreut habe ich mich schon, dass ich der Zeit mit meinem Vorschlag weit voraus gewesen bin!<\/p>\n","protected":false},"excerpt":{"rendered":"<p>Unsere Gemeinde hie\u00df von alters her Schlatten, fr\u00fcher noch Amt Schlatten. Das deutete auf Streusiedlung hin, was ja auch stimmte. Der Hauptort dieser zerstreuten Ansiedlung, neben einem Dutzend weiterer Rotten, war seit jeher Bromberg. Die Postzust\u00e4ndigkeit war Bromberg, der Sitz der Gemeinde(kanzlei) ist Bromberg und die Kirche(n) lagen in Bromberg. Es gab wohl eine Feuerwehr [&hellip;]<\/p>\n","protected":false},"author":2,"featured_media":0,"parent":40,"menu_order":0,"comment_status":"open","ping_status":"open","template":"anhang.php","meta":{"footnotes":""},"class_list":["post-36","page","type-page","status-publish","hentry"],"_links":{"self":[{"href":"https:\/\/wibi.homeip.net\/hub\/familie\/wp-json\/wp\/v2\/pages\/36","targetHints":{"allow":["GET"]}}],"collection":[{"href":"https:\/\/wibi.homeip.net\/hub\/familie\/wp-json\/wp\/v2\/pages"}],"about":[{"href":"https:\/\/wibi.homeip.net\/hub\/familie\/wp-json\/wp\/v2\/types\/page"}],"author":[{"embeddable":true,"href":"https:\/\/wibi.homeip.net\/hub\/familie\/wp-json\/wp\/v2\/users\/2"}],"replies":[{"embeddable":true,"href":"https:\/\/wibi.homeip.net\/hub\/familie\/wp-json\/wp\/v2\/comments?post=36"}],"version-history":[{"count":0,"href":"https:\/\/wibi.homeip.net\/hub\/familie\/wp-json\/wp\/v2\/pages\/36\/revisions"}],"up":[{"embeddable":true,"href":"https:\/\/wibi.homeip.net\/hub\/familie\/wp-json\/wp\/v2\/pages\/40"}],"wp:attachment":[{"href":"https:\/\/wibi.homeip.net\/hub\/familie\/wp-json\/wp\/v2\/media?parent=36"}],"curies":[{"name":"wp","href":"https:\/\/api.w.org\/{rel}","templated":true}]}}