{"id":42,"date":"2007-10-21T16:32:50","date_gmt":"2007-10-25T19:53:50","guid":{"rendered":"http:\/\/wibi.homeip.net\/wp_fam\/?page_id=42"},"modified":"2023-05-22T08:03:00","modified_gmt":"2023-05-22T06:03:00","slug":"verstandliche-klage","status":"publish","type":"page","link":"https:\/\/wibi.homeip.net\/hub\/familie\/titelseite\/verstandliche-klage\/","title":{"rendered":"Kapitel 15: Verst\u00e4ndliche Klage"},"content":{"rendered":"<p><em>Hinweis: Die Kapitel 13 bis 15 beinhalten Eintragungen aus dem Gedenkbuch meines Gro\u00dfvaters Johann W. II, die sich mit den Ereignissen im M\u00e4rz 1938 (<a href=\"http:\/\/wibi.homeip.net\/hub\/familie\/?page_id=29\">Kapitel 13<\/a>), der Zeit des Kriegsendes zwischen April und Juni 1945 (<a href=\"http:\/\/wibi.homeip.net\/hub\/familie\/?page_id=30\">Kapitel 14<\/a>) und den Zust\u00e4nden im sowjetisch besetzten \u00d6sterreich (<a href=\"http:\/\/wibi.homeip.net\/hub\/familie\/?page_id=42\">Kapitel 15<\/a>) besch\u00e4ftigen. Im gedruckten Buch werden diese drei Kapitel unter dem Sondertitel <strong>&#8220;Die Tage, als aus \u00d6sterreich die Ostmark wurde und die Zeit, als der 2. Weltkrieg zu Ende ging&#8221;<\/strong> als eigenst\u00e4ndiger Teil gef\u00fchrt.<\/em><\/p>\n<p><u>Das unterdr\u00fcckte Nieder\u00f6sterreich, Burgenland u. die Steiermark!<\/u><\/p>\n<p>Seit der fr\u00fchsten Kaiser so genannt. Kaiser Franz Josef I, welcher am 22. 11. 916 gestorben ist, sind die guten Zeiten bei dem \u00f6sterreichischen Volk verschwunden. Der noch in der Monarchie gelebt hat, kann das best\u00e4tigen. Der Weltkrieg von 1914 \u2013 1918 ging f\u00fcr uns verloren und kamen wir von einer Partei in die andere und mussten viel \u00c4rgerliches mitmachen.<\/p>\n<p>Im M\u00e4rz 1938 wurde das \u00d6sterreich in der frechsten Weise von den Nationalsozialisten an Deutschland angeschlossen. In erster Linie wurde das ganze Staatsverm\u00f6gen von Wien nach Berlin verschleppt, alle f\u00fcr sie notwendigen \u00c4mter wurden nach Berlin geschaffen und auch Industrie wurde von hier weggeschafft. Nur Munitionsfabrik wurde hier gebaut, die waren f\u00fcr das Reich zu gef\u00e4hrlich. Noch dazu hat uns der verb\u00fcndete Mussolini an Deutschland verschenkt u. z. weil Hitler den Italienern in Abessinien geholfen hat. So wurden wir verschachert.<\/p>\n<p>Und wir konnten uns dagegen nicht wehren. Dr. Schuschnig wollte mit Hitler in Berchtesgaden verhandeln, kam aber mit dem Bemerken zur\u00fcck, dass man mit einem Narren nicht verhandeln kann. Und so zog Hitler in Wien ein und wurde von seinen Anh\u00e4ngern bejubelt. Nun wollte Hitler der Kriegslustige mit uns die ganze Welt besiegen. Er wollte der Herrscher von Europa werden, England muss verschwinden und Amerika nach seinen Anordnungen gehorchen.<\/p>\n<p>Es gab viele Obertrotteln die sagten Hitler ist von Gott gesandt und seine Worte sind heilig, aber diesen Herrn wurden durch den Massenm\u00f6rder und denen vielen Ungerechtigkeiten der Mund gestopft. Es ist einem unerkl\u00e4rlich dass so viele Professoren, Doktors, hohe Gerichtsherren auf den Schwindel hinein geflogen sind. Sein Buch der Kampf hat die Leute alle verr\u00fcckt gemacht, wo von er ganz abgekommen ist. Auch dass viele Geh\u00e4lter (?) ausbezahlt wurden an die Angestellten, das Geld wurde zu massenhaft gedruckt. Und so kauft er sich die Leute. Es ist mir auch unerkl\u00e4rlich wie sich seine Parteigenossen das Treiben der M\u00f6rder und die Behandlung der Menschen in den Lagern zusehen konnten. Das war so furchtbar.<\/p>\n<p>N.\u00d6. Burgenland u. Steiermark hat es am schwersten getroffen. Es wurde auf den Flugzetteln geschrieben wir kommen nicht als Feinde, wir kommen als Freunde. Ja dieses Gl\u00fcck hatten die Ober \u00d6sterreicher, die wurden von den Amerikanern besetzt. Aber wir wurden, nachdem 3 Divisionen Ungarn kapituliert haben im Laufschritt von den Russen besetzt und so fielen wir in russische H\u00e4nde. Wogegen wir uns wieder nicht helfen konnten. Noch dazu ist das ein unkultiviertes Volk, die nichts als rauben, verw\u00fcsten u. vergewaltigen.<\/p>\n<p>Das Kommando sagt, es darf ohne Bescheinigung nichts ausgefolgt werden. Offiziere geben der Mannschaft den Auftrag zu den Bauern zu fahren und 1-2 Rinder, 1-2 Schweine, Eier, Kartoffeln und so verschiedenes zu bringen, nat\u00fcrlich ohne zu bezahlen. Wenn die Soldaten nichts bringen werden sie bestraft. Auch die Offiziere gingen selbst pl\u00fcndern und haupts\u00e4chlich ging es um Uhren u. Schmuck noch nebst bei.<\/p>\n<p>Wie ist es m\u00f6glich tausende von Russen zu verpflegen, die nichts tun als essen, trinken, rauben u. pl\u00fcndern und den ganzen Tag nichts arbeiten.<\/p>\n<p>Die richten die Bauern und auch die andere Bev\u00f6lkerung zu- grunde. Das hei\u00dfen die eine Befreiung \u2013 wie wird das noch enden.<\/p>\n<p>Unsere armen Soldaten m\u00fcssen sich wie Verbrecher heim schleichen von den Russen. Die Amerikaner lassen unsere Soldaten nicht weg damit sie nicht den Russen in die H\u00e4nde fallen, denn die Russen lassen sie nicht aus und kommen in ein Lager und m\u00fcssen Hunger leiden und werden roh behandelt. Die Russen haben der Bev\u00f6lkerung noch in keiner Weise geholfen. Die kennen nur ein Nehmen aber kein Geben. Diesen Russen ist es noch nie so gut gegangen, wie bei uns. Sie sind schon 4 Monate hier aber sie wollen nicht fort. Was sie schon zur\u00fcck geben ist nur was sie bei uns gestohlen haben. Da steht in den Zeitungen soviel Waggon Lebensmittel wurden nach Wien gesandt. Ja ganz verwurmte Erbsen. wo nicht mehr ist als der Balg und einige S\u00e4cke Mehl, wo darauf steht Strasser M\u00fchle Lichtenw\u00f6rth.<\/p>\n<p>Es ist unsagbares von den Russen geschehen: z.b. 2 Russen kommen in ein Haus wo nur Herr u Frau zu Hause waren, der eine R. fiel \u00fcber die Frau her und der zweite R. hielt dem Mann das Gewehr vor und musste zusehen ohne sich helfen zu k\u00f6nnen. Eine Frau welche allein zu Hause war wollte ein Russe vergewaltigen, da sich die Frau das nicht gefallen lie\u00df, hat der R. sie erschossen. Solche F\u00e4lle kommen mehrere vor. Auch kennen sie keine R\u00fccksicht auf den Feldern, da wird mitten durch die Frucht durchgefahren.<\/p>\n<p>In vielen Orten haben jetzt schon (August) kein Futter mehr f\u00fcr ihre paar St\u00fcck Vieh, was vorl\u00e4ufig noch nicht von den Russen weggeschleppt wurde. Es hat den Anschein dass sie uns dem Hungertod preisgeben. Und wem haben wir das zu verdanken? Diesem Massenm\u00f6rder Hitler, der hat das ganze deutsche Volk zugrunde gerichtet. In Wien wurden in einem Jahr 1200 Menschen wegen Gegenansichten der Nationalsozialisten enthauptet.<\/p>\n<p>Und trotzdem hat er noch seine Verehrer.<\/p>\n<p>Auch ist zu erw\u00e4hnen dass die Russen s\u00e4mtliche Feuerwehrger\u00e4te von allen Feuerwehrkommandos vernichtet haben, sodass bei einem Brand in keiner Weise geholfen werden konnte. Wie viele Jahre haben sich die Leute geplagt und gespart und jetzt ist alles durch diese Unmenschen dahingegangen und k\u00f6nnen von neuem anfangen zu arbeiten wenn wir davonkommen wollen.<\/p>\n<p>Das Geschriebene gilt bis 12. 07. 945.<\/p>\n<p>Am 15. 07. 945 wurden die Bahnen vom Bund \u00fcbernommen und wurden wieder unsere Leute, statt der Russen, angestellt.<\/p>\n<p><a href=\"http:\/\/wibi.homeip.net\/hub\/familie\/?page_id=30\">&lt;&lt; Voriges Kapitel<\/a> | <a href=\"http:\/\/wibi.homeip.net\/hub\/familie\/?page_id=40\">Zum Anhang &gt;&gt;<\/a><\/p>\n","protected":false},"excerpt":{"rendered":"<p>Hinweis: Die Kapitel 13 bis 15 beinhalten Eintragungen aus dem Gedenkbuch meines Gro\u00dfvaters Johann W. II, die sich mit den Ereignissen im M\u00e4rz 1938 (Kapitel 13), der Zeit des Kriegsendes zwischen April und Juni 1945 (Kapitel 14) und den Zust\u00e4nden im sowjetisch besetzten \u00d6sterreich (Kapitel 15) besch\u00e4ftigen. Im gedruckten Buch werden diese drei Kapitel unter [&hellip;]<\/p>\n","protected":false},"author":2,"featured_media":0,"parent":6,"menu_order":0,"comment_status":"open","ping_status":"open","template":"chapter.php","meta":{"footnotes":""},"class_list":["post-42","page","type-page","status-publish","hentry"],"_links":{"self":[{"href":"https:\/\/wibi.homeip.net\/hub\/familie\/wp-json\/wp\/v2\/pages\/42","targetHints":{"allow":["GET"]}}],"collection":[{"href":"https:\/\/wibi.homeip.net\/hub\/familie\/wp-json\/wp\/v2\/pages"}],"about":[{"href":"https:\/\/wibi.homeip.net\/hub\/familie\/wp-json\/wp\/v2\/types\/page"}],"author":[{"embeddable":true,"href":"https:\/\/wibi.homeip.net\/hub\/familie\/wp-json\/wp\/v2\/users\/2"}],"replies":[{"embeddable":true,"href":"https:\/\/wibi.homeip.net\/hub\/familie\/wp-json\/wp\/v2\/comments?post=42"}],"version-history":[{"count":1,"href":"https:\/\/wibi.homeip.net\/hub\/familie\/wp-json\/wp\/v2\/pages\/42\/revisions"}],"predecessor-version":[{"id":496,"href":"https:\/\/wibi.homeip.net\/hub\/familie\/wp-json\/wp\/v2\/pages\/42\/revisions\/496"}],"up":[{"embeddable":true,"href":"https:\/\/wibi.homeip.net\/hub\/familie\/wp-json\/wp\/v2\/pages\/6"}],"wp:attachment":[{"href":"https:\/\/wibi.homeip.net\/hub\/familie\/wp-json\/wp\/v2\/media?parent=42"}],"curies":[{"name":"wp","href":"https:\/\/api.w.org\/{rel}","templated":true}]}}