{"id":51,"date":"2007-10-25T22:52:40","date_gmt":"2007-10-25T20:52:40","guid":{"rendered":"http:\/\/wibi.homeip.net\/wp_fam\/?page_id=51"},"modified":"2007-10-25T22:52:40","modified_gmt":"2007-10-25T20:52:40","slug":"aus-1855-zeugnis","status":"publish","type":"page","link":"https:\/\/wibi.homeip.net\/hub\/familie\/titelseite\/interessante-dokumente\/aus-1855-zeugnis\/","title":{"rendered":"Zeugnis aus 1855"},"content":{"rendered":"<p>Zeugnis<\/p>\n<p>Stempelmarke: 30 kr. C.M.<\/p>\n<p>Das Johann Windbichler Sohn des Peter Windbichler<br \/>\nKr\u00e4mer zu Bromberg in Nieder \u2013 \u00d6sterreich sich die<br \/>\nKenntni\u00dfe zu F\u00fchrung seiner Kr\u00e4merei bei seinem Vater<br \/>\ndurch 3 Jahren somit erlernt und zu seiner weiteren<br \/>\nAusbildung bei mir gefertigten durch f\u00fcnf Monath<br \/>\nvollkommen die Schnit, Material, und Spezerei Waren<br \/>\nHandlung erlernt hatte und sich w\u00e4hrend seines Daseins<br \/>\nnicht nur treu, flei\u00dfig, sonsten in allen<br \/>\nseinen Verrichtungen zu meiner ganzen<br \/>\nZufriedenheit dergestallt betragen hat,<br \/>\nda\u00df ich ihn w\u00fcrdig halte zu seinem Fort-<br \/>\nkommen und Wohle jedermann bestens zu<br \/>\nempfehlen welches ich mit meiner Fertigung<br \/>\nhiemit best\u00e4ttige.<br \/>\nEdlitz den 9ten September 1855<\/p>\n<div align=\"right\">Josef Lang<br \/>\nHandelsmann.<\/div>\n<p><em>[Siegellack]<br \/>\n<\/em><br \/>\ngesehen K.k. Bezirksamt Aspang am 11. September 1855 <\/p>\n<div align=\"right\"><em>(Unterschrift unleserlich)<br \/>\n<\/em><\/div>\n<p>Rundstempel<br \/>\nK.K. Bezirksamt Aspang<\/p>\n","protected":false},"excerpt":{"rendered":"<p>Zeugnis Stempelmarke: 30 kr. C.M. Das Johann Windbichler Sohn des Peter Windbichler Kr\u00e4mer zu Bromberg in Nieder \u2013 \u00d6sterreich sich die Kenntni\u00dfe zu F\u00fchrung seiner Kr\u00e4merei bei seinem Vater durch 3 Jahren somit erlernt und zu seiner weiteren Ausbildung bei mir gefertigten durch f\u00fcnf Monath vollkommen die Schnit, Material, und Spezerei Waren Handlung erlernt hatte [&hellip;]<\/p>\n","protected":false},"author":2,"featured_media":0,"parent":44,"menu_order":0,"comment_status":"open","ping_status":"open","template":"dokumente.php","meta":{"footnotes":""},"class_list":["post-51","page","type-page","status-publish","hentry"],"_links":{"self":[{"href":"https:\/\/wibi.homeip.net\/hub\/familie\/wp-json\/wp\/v2\/pages\/51","targetHints":{"allow":["GET"]}}],"collection":[{"href":"https:\/\/wibi.homeip.net\/hub\/familie\/wp-json\/wp\/v2\/pages"}],"about":[{"href":"https:\/\/wibi.homeip.net\/hub\/familie\/wp-json\/wp\/v2\/types\/page"}],"author":[{"embeddable":true,"href":"https:\/\/wibi.homeip.net\/hub\/familie\/wp-json\/wp\/v2\/users\/2"}],"replies":[{"embeddable":true,"href":"https:\/\/wibi.homeip.net\/hub\/familie\/wp-json\/wp\/v2\/comments?post=51"}],"version-history":[{"count":0,"href":"https:\/\/wibi.homeip.net\/hub\/familie\/wp-json\/wp\/v2\/pages\/51\/revisions"}],"up":[{"embeddable":true,"href":"https:\/\/wibi.homeip.net\/hub\/familie\/wp-json\/wp\/v2\/pages\/44"}],"wp:attachment":[{"href":"https:\/\/wibi.homeip.net\/hub\/familie\/wp-json\/wp\/v2\/media?parent=51"}],"curies":[{"name":"wp","href":"https:\/\/api.w.org\/{rel}","templated":true}]}}