{"id":53,"date":"2007-10-25T22:53:49","date_gmt":"2007-10-25T20:53:49","guid":{"rendered":"http:\/\/wibi.homeip.net\/wp_fam\/?page_id=53"},"modified":"2007-10-25T22:53:49","modified_gmt":"2007-10-25T20:53:49","slug":"aus-1869-2","status":"publish","type":"page","link":"https:\/\/wibi.homeip.net\/hub\/familie\/titelseite\/interessante-dokumente\/aus-1869-2\/","title":{"rendered":"Brief aus 1869"},"content":{"rendered":"<p>L\u00f6bliche k. k. Finanz<br \/>\nBezirks Direction<br \/>\nin<br \/>\nWien<\/p>\n<p>Johann Windbichler Gutsbesitzer und Post Expeditor Nr. 115<br \/>\nzu Bromberg<\/p>\n<p>bittet um Aberkennung <em>(?)<\/em> des<\/p>\n<p>Tabak und Stempelmarken Klein Verschlei\u00df<br \/>\nzu Bromberg<\/p>\n<p>L\u00f6bliche k. k. Finanz Bezirks<br \/>\nDirection<br \/>\nin<br \/>\nWien<\/p>\n<p>Der Ehrfurchtsvoll Gefertigte ist vermisch-<br \/>\nter Warenh\u00e4ndler, und Post Expediteur<br \/>\nhat das Haus Nr. 115 zu Bromberg von seiner<br \/>\nMutter \u00fcbernommen, und da selbe auf<br \/>\ndem darauf bestehenden Tabak und Stmpel-<br \/>\nmarken Klein Verschlei\u00df laut beiliegender<br \/>\nErkl\u00e4rung zu meinen Gunsten resignirt<br \/>\nhat, so bitte ich nun L\u00f6bliche k.k. Finanz<br \/>\nBezirks Direction zu Wien, um gn\u00e4dige<br \/>\nVerleihung des genannten Tabak und<br \/>\nStempelmarken Klein Verschlei\u00df im<br \/>\nOrte Bromberg Nr. 115 und verpflichte mich<br \/>\nzugleich diesen Verschlei\u00df auch ferner<br \/>\nwie bisher genau und p\u00fcnktlich<br \/>\nzu besorgen.<\/p>\n<p>Bromberg am 5. August 1869<br \/>\nJohann Windbichler<\/p>\n","protected":false},"excerpt":{"rendered":"<p>L\u00f6bliche k. k. Finanz Bezirks Direction in Wien Johann Windbichler Gutsbesitzer und Post Expeditor Nr. 115 zu Bromberg bittet um Aberkennung (?) des Tabak und Stempelmarken Klein Verschlei\u00df zu Bromberg L\u00f6bliche k. k. Finanz Bezirks Direction in Wien Der Ehrfurchtsvoll Gefertigte ist vermisch- ter Warenh\u00e4ndler, und Post Expediteur hat das Haus Nr. 115 zu Bromberg [&hellip;]<\/p>\n","protected":false},"author":2,"featured_media":0,"parent":44,"menu_order":0,"comment_status":"open","ping_status":"open","template":"dokumente.php","meta":{"footnotes":""},"class_list":["post-53","page","type-page","status-publish","hentry"],"_links":{"self":[{"href":"https:\/\/wibi.homeip.net\/hub\/familie\/wp-json\/wp\/v2\/pages\/53","targetHints":{"allow":["GET"]}}],"collection":[{"href":"https:\/\/wibi.homeip.net\/hub\/familie\/wp-json\/wp\/v2\/pages"}],"about":[{"href":"https:\/\/wibi.homeip.net\/hub\/familie\/wp-json\/wp\/v2\/types\/page"}],"author":[{"embeddable":true,"href":"https:\/\/wibi.homeip.net\/hub\/familie\/wp-json\/wp\/v2\/users\/2"}],"replies":[{"embeddable":true,"href":"https:\/\/wibi.homeip.net\/hub\/familie\/wp-json\/wp\/v2\/comments?post=53"}],"version-history":[{"count":0,"href":"https:\/\/wibi.homeip.net\/hub\/familie\/wp-json\/wp\/v2\/pages\/53\/revisions"}],"up":[{"embeddable":true,"href":"https:\/\/wibi.homeip.net\/hub\/familie\/wp-json\/wp\/v2\/pages\/44"}],"wp:attachment":[{"href":"https:\/\/wibi.homeip.net\/hub\/familie\/wp-json\/wp\/v2\/media?parent=53"}],"curies":[{"name":"wp","href":"https:\/\/api.w.org\/{rel}","templated":true}]}}