{"id":55,"date":"2007-10-25T22:54:51","date_gmt":"2007-10-25T20:54:51","guid":{"rendered":"http:\/\/wibi.homeip.net\/wp_fam\/?page_id=55"},"modified":"2007-10-25T22:54:51","modified_gmt":"2007-10-25T20:54:51","slug":"aus-1882","status":"publish","type":"page","link":"https:\/\/wibi.homeip.net\/hub\/familie\/titelseite\/interessante-dokumente\/aus-1882\/","title":{"rendered":"Brief aus 1882"},"content":{"rendered":"<p><strong>K.K.<br \/>\nFinanz-<br \/>\nBezirks-<br \/>\nDirection<\/strong><\/p>\n<p>in<\/p>\n<p><strong>Wien Z. 12582\/III.<\/strong><\/p>\n<p>An<br \/>\nHerrn Johann Windbichler<br \/>\nHandelsmann<\/p>\n<p><u>in Bromberg<\/u><\/p>\n<p>Man hat sich bestimmt gefunden, Ihnen die nach<br \/>\nKatharina Windb\u00fcchler erledigte k.k. Tabak- und Stempelmarken<br \/>\nKleintrafik zu Bromberg mit dem Rechte der Aus\u00fcbung auf dem Hause<br \/>\nNo. 115 daselbst gegen den von Ihnen in halbj\u00e4hrigen Raten vorhinein,<br \/>\nu. z. vom 1. November 1881 angefangen, beim k.k. Steueramte in Wr.<br \/>\nNeustadt, welches Ihnen den bez\u00fcglichen Zahlungsbogen ausfertigen<br \/>\nwird, zu entrichtenden j\u00e4hrlichen Pachtschilling von 8 fl. \u00f6.W., sage:<br \/>\nAcht Gulden, &#8211; Krzr. \u00f6.W.<br \/>\nzu verleihen.<br \/>\nMit der Materialfassung bez\u00fcglich des Tabakes und der Zigarren<br \/>\nwerden Sie an den k.k. Tabak \u2013 Verlag in Wr. Neustadt und bez\u00fcglich<br \/>\nder Stempelmarken, f\u00fcr deren Verschlei\u00df Ihnen eine Provision von 1<br \/>\n1\/2 % bewilliget wird, an das k.k. Steueramt in Wr, Neustadt gewiesen.<br \/>\nWegen Ausfertigung der Pachtvertr\u00e4ge haben Sie sich unter<br \/>\nBeibringung einer Stempelmarke von 13 xr f\u00fcr den Vertrag und<br \/>\nStempelmarken f\u00fcr die Lizenz an die k.k. Finanzwach-Kontrols-<br \/>\nBezirks-Leitung in Wr. Neustadt zu wenden.<\/p>\n<p>Die Beilagen folgen Zur\u00fcck.<br \/>\nWien am 10. M\u00e4rz 1882.<\/p>\n<p>Strum&#8230;. <em>(Rest unleserlich)<\/em><\/p>\n","protected":false},"excerpt":{"rendered":"<p>K.K. Finanz- Bezirks- Direction in Wien Z. 12582\/III. An Herrn Johann Windbichler Handelsmann in Bromberg Man hat sich bestimmt gefunden, Ihnen die nach Katharina Windb\u00fcchler erledigte k.k. Tabak- und Stempelmarken Kleintrafik zu Bromberg mit dem Rechte der Aus\u00fcbung auf dem Hause No. 115 daselbst gegen den von Ihnen in halbj\u00e4hrigen Raten vorhinein, u. z. vom [&hellip;]<\/p>\n","protected":false},"author":2,"featured_media":0,"parent":44,"menu_order":0,"comment_status":"open","ping_status":"open","template":"dokumente.php","meta":{"footnotes":""},"class_list":["post-55","page","type-page","status-publish","hentry"],"_links":{"self":[{"href":"https:\/\/wibi.homeip.net\/hub\/familie\/wp-json\/wp\/v2\/pages\/55","targetHints":{"allow":["GET"]}}],"collection":[{"href":"https:\/\/wibi.homeip.net\/hub\/familie\/wp-json\/wp\/v2\/pages"}],"about":[{"href":"https:\/\/wibi.homeip.net\/hub\/familie\/wp-json\/wp\/v2\/types\/page"}],"author":[{"embeddable":true,"href":"https:\/\/wibi.homeip.net\/hub\/familie\/wp-json\/wp\/v2\/users\/2"}],"replies":[{"embeddable":true,"href":"https:\/\/wibi.homeip.net\/hub\/familie\/wp-json\/wp\/v2\/comments?post=55"}],"version-history":[{"count":0,"href":"https:\/\/wibi.homeip.net\/hub\/familie\/wp-json\/wp\/v2\/pages\/55\/revisions"}],"up":[{"embeddable":true,"href":"https:\/\/wibi.homeip.net\/hub\/familie\/wp-json\/wp\/v2\/pages\/44"}],"wp:attachment":[{"href":"https:\/\/wibi.homeip.net\/hub\/familie\/wp-json\/wp\/v2\/media?parent=55"}],"curies":[{"name":"wp","href":"https:\/\/api.w.org\/{rel}","templated":true}]}}